t is the tens digit of g(r)?
3
Suppose -4*a + 56991 = 7*t - 6*t, -2*t + 42747 = 3*a. What is the thousands digit of a?
4
Suppose 0 = 4*r + 3*u - 28 - 60, 30 = 2*r + 5*u. Suppose -20*j + r*j - 1125 = 0. What is the tens digit of j?
2
Let l(m) = -5*m + 21. Let q be l(5). Let u be q/(1 - (-220)/(-218)). Suppose -2*t = 3*d - 4*d - u, -5*d + 10 = 0. What is the tens digit of t?
1
Suppose -2*p - 2*f - 35 + 3 = 0, 0 = 3*f + 3. Let s(m) = -m**2 - 13*m + 35. Let n be s(p). Suppose -3*t + 1456 = n*t. What is the hundreds digit of t?
1
Let f be (-1278)/(-6)*(2 - (-4)/(-6)). Let g = f + 94. What is the units digit of g?
8
Let d(b) = 45*b + 137. Let v be d(-13). Let h = 532 + v. What is the tens digit of h?
8
Let q(o) = 4*o**2 - 31*o - 237. What is the units digit of q(25)?
8
Suppose 4*p - 3*q - 32 = 0, -3*q + 8 = -10*p + 14*p. Suppose -5*f + 2*z = -4848 - 1651, 2*f = p*z + 2608. What is the thousands digit of f?
1
Let p(x) = 3*x - 2. Let g(v) = 8*v - 3 - 3 + 1 - 3*v. Let n(k) = 6*g(k) - 15*p(k). What is the tens digit of n(-6)?
9
Let p(u) = 35*u**3 - u**2. Let f be p(-1). Let x be -27 + (0/(-1) - -2). Let g = x - f. What is the units digit of g?
1
Let b(l) = 11*l**2 - 17*l + 342. What is the tens digit of b(-32)?
5
What is the units digit of (30160 + 1)/(12/(-6) + 3)?
1
Suppose -2*o + 4*i + 14064 = 0, 3*o + 391*i - 394*i = 21081. What is the tens digit of o?
2
Let d = 51380 + -30435. What is the thousands digit of d?
0
Suppose -2*x = -g + 9638, -4*g + 5874 + 32662 = -4*x. What is the hundreds digit of g?
6
Suppose -2*i = 2856 - 984. Let o = i + 1329. What is the tens digit of o?
9
Suppose 15 = -4*j + 71. Let y = -9 + j. Suppose 5*c - y*o = 340, -2*c + 104 = 3*o - 47. What is the units digit of c?
1
Let h(b) = -2*b**2 + 9. Let w be h(2). Let a be (w - 0) + (-2583)/(-7). Let j = a + -224. What is the units digit of j?
6
Let l(v) = 2*v + 57. Let a be l(-35). Let z(x) = x**2 - 9*x - 92. What is the units digit of z(a)?
4
Let d be (0 + -2 - 0)*-261. Let f = 162 - 159. Suppose 2*l - o - 345 = 0, 0 = -f*l - 4*o + o + d. What is the units digit of l?
3
Suppose -23594 - 143533 = -29*u. What is the thousands digit of u?
5
Let l(y) = 289*y - 501. Let p(z) = 147*z - 250. Let b(s) = 4*l(s) - 7*p(s). What is the hundreds digit of b(14)?
5
Suppose -50 = -2*m + 5*a, 87 = 14*m - 9*m - 3*a. Suppose -m*r - 2779 = -22*r. What is the units digit of r?
7
Suppose -4*p = -3*r - 85262, -137*r = -139*r - 12. What is the ten thousands digit of p?
2
Suppose -10 = 11*o + 166. Let x = -13 - o. Suppose -3*h = x*y - 618, -372 - 28 = -2*h - 5*y. What is the units digit of h?
0
Suppose 16*a = -4*a + 1920. Let w = a + -44. What is the units digit of w?
2
Suppose 4*l + 3*s = 2591 + 20611, 2*s = 5*l - 29037. What is the thousands digit of l?
5
Let h(k) = 2053*k - 688*k - 688*k + 7 - 681*k + 30*k**2. Let i be 6/4*(-8)/(-6). What is the units digit of h(i)?
9
Suppose -3*t + 11*w - 15*w + 33635 = 0, 0 = 5*w + 20. What is the tens digit of t?
1
What is the thousands digit of 2524 + ((-810)/(-9))/10?
2
Suppose w - 3550 = -3*i, 8*i - 17750 = -5*w + 13*i. What is the thousands digit of w?
3
Suppose 0 = 4*d + 32, 4*k - 65261 = -3*d + 128099. What is the ten thousands digit of k?
4
Let n be 7/3 + 4*(-2)/(-12). Let j be (2 - n)*0/(1 - 0). Suppose 7*q - 29 - 13 = j. What is the units digit of q?
6
What is the units digit of ((-1)/((-2)/14234))/(-7*21/(-147))?
7
Suppose 865*d - 860*d = -6735. Let j = -742 - d. What is the units digit of j?
5
Let j = 65773 + -30451. What is the thousands digit of j?
5
Suppose -3*t = -6*t - 2*i + 8, 0 = -t - 3*i + 12. Suppose -5*c - c - 36 = t. What is the units digit of c*12/27*42/(-2)?
6
Let x(h) = 2024*h**2 - 32*h - 36. What is the hundreds digit of x(-1)?
0
Let g be (-8)/5 - 2/5. Let f be 1/((-2)/(-12)) + (265 - (-9 - -14)). What is the tens digit of (0 - 2/2)/(g/f)?
3
Suppose -3356 = 15*c - 11891. Let u = -209 + c. Suppose -15 - u = -3*n. What is the hundreds digit of n?
1
Suppose -b - 3*f = -9, 3*f - 38 = -3*b + 5*f. Suppose -b*h - 2029 = -7537. What is the hundreds digit of h?
4
Suppose 0 = -3*x - 9, -6*x - 2104 = -5*v - 3*x. Suppose -2*m - i = -409, -2*m - i + 2*i + v = 0. What is the hundreds digit of m?
2
Suppose 0 = 3*t + h + 4*h + 1373, 2*t - 3*h = -928. Let u = 668 + t. What is the tens digit of u?
0
Let a(h) = 78*h**2 - 65*h - 188. What is the thousands digit of a(-17)?
3
Let w(v) = 33*v**2. Let x be w(2). Let i = 6318 + -6396. Let n = x + i. What is the tens digit of n?
5
Let j = 2939 + -354. Let v = j + -1667. What is the units digit of v?
8
Let f = -4918 + 6704. What is the hundreds digit of f?
7
Let w(b) be the first derivative of -b**4/2 - b**3/3 - 3*b**2/2 - 3*b - 4. Let a be w(-2). Suppose -t - t = -x + 64, 0 = -5*t + a. What is the tens digit of x?
7
Let p(s) = s**3 + 18*s**2 + 65*s - 471. What is the tens digit of p(29)?
4
What is the ten thousands digit of ((-158262)/8)/((114/8)/(-19))?
2
Suppose 1878660 = 73*n + 7*n + 46*n. What is the thousands digit of n?
4
Suppose -3*o - 497 + 689 = 0. Suppose o*x - 66*x = -876. What is the hundreds digit of x?
4
Let n be (-834)/9 + (-63)/27 + 2. Suppose -4*u + 3*p + 565 = 0, -p - p = u - 144. Let g = u + n. What is the tens digit of g?
4
What is the units digit of 309245/20 - ((-11)/4)/(-11)?
2
Suppose 50*w - 189827 = -1027. What is the hundreds digit of w?
7
Suppose 4*j = -14 + 54. Let m be 15/j + (-6)/(-8)*2. Suppose -3*y = b + m*b - 373, 0 = 2*y - 4*b - 242. What is the units digit of y?
3
Suppose o - 35375 = -4*t, -t - 4*o - 44224 = -6*t. Suppose -7*p = 26*p - t. What is the units digit of p?
8
Let s be 0 - (-18)/4*46/69. Let n(x) = 61*x**2 + 4*x + 1. Let d be n(s). Let f = d - 313. What is the hundreds digit of f?
2
Suppose 24 = 2*t + 38. Let x be -3 + t/((-35)/(-1005)). What is the tens digit of 1/4*-1 + (-18819)/x?
9
Let x be (-7)/(-21)*(-4713)/(2 + -1). Let r = -723 - x. What is the units digit of r?
8
Suppose 2*u = -3*q + 20680, -4*u = -0*q - 3*q + 20650. Suppose -q = 6*d - 19*d. What is the units digit of d?
0
Let p = 305 - 83. Let x = -64 + p. What is the units digit of x?
8
Let c = 544 + -542. Suppose -2*t = -2*y + 50 - 30, c*y = -2*t + 20. What is the tens digit of y?
1
Suppose 6*d - 15581 - 46189 = 0. What is the units digit of d?
5
Let w(f) = f**2 + 12*f + 12. Let t be w(-11). Let d be (-2 + t)/((10/(-22))/(-5)). Let s(q) = 3*q**2 + 20*q + 13. What is the tens digit of s(d)?
5
Suppose 16*c - 29935 - 1713 = 0. Let z = -1217 + c. What is the units digit of z?
1
Let s(p) = 1 - 8*p - 93 - 40*p**2 + 41*p**2. What is the hundreds digit of s(-29)?
9
Let b(s) = 16*s - 26 + 22*s**2 - 9*s**3 - 6*s**2 - 4*s + 10*s**3. Let d be b(-15). Suppose -16*a = -d*a + 96. What is the units digit of a?
2
What is the ten thousands digit of 66/(-4)*(-2256 - -119 - 1/(-3))?
3
Let c be (-2 - -8)*(-25)/(-30). Let k be 0/(c - 4) + 3 + -1. Suppose 3*v + 3 = 0, k*d + 2*d - 292 = 4*v. What is the tens digit of d?
7
Let w(j) = -j**2 - 4*j + 52. Let a(x) = -x**2 - 4*x + 51. Let z(f) = -4*a(f) + 3*w(f). Let s be z(-9). Let h(c) = -22*c + 19. What is the tens digit of h(s)?
8
What is the ten thousands digit of (-1539 - 197)/((-4)/106)?
4
Suppose 5*f + 5*b - 52395 = 0, 91*b - 12 = 95*b. What is the hundreds digit of f?
4
Suppose -4*v = -8, 6*v - 10 = 2*a + v. Suppose -l + 612 = -4*g, a*l = -5*l - 3*g + 3152. What is the hundreds digit of l?
6
Suppose -5*h + 113192 + 140505 = -2*y, -5*h - 2*y = -253693. What is the tens digit of h?
3
Let m(x) = -13*x**2 + 6*x + 3. Suppose -4*u + 0*u + 24 = 0. Let b(s) = -26*s**2 + 12*s + 7. Let h(w) = u*b(w) - 13*m(w). What is the tens digit of h(2)?
4
Suppose -17*r + 642106 - 128318 = 5*r. What is the thousands digit of r?
3
Suppose 0 = -j + 2, -4*j - j = -5*w + 100. Suppose -27*f + 4*v + 20 = -26*f, -v - 35 = -4*f. Suppose k - w = -f. What is the tens digit of k?
1
Suppose -3418*q + 3373*q = -31410. What is the units digit of q?
8
Suppose -79499 = -3*p + 18*j - 13*j, 3*j - 52993 = -2*p. What is the tens digit of p?
9
Let h be (-14)/(-3 - 13/(-4)). Let m be (-3)/(-1) - h - -2. Suppose 0 = -66*t + m*t + 15. What is the units digit of t?
3
Let z = 18809 - -2638. What is the ten thousands digit of z?
2
Suppose 2654 = 4*k - 1078. What is the hundreds digit of k?
9
Suppose g - 6844 = 3*y, -2*g = -5